o = 743, 3*v = -2*v + 2*o + 1233. Suppose 73 = -4*q + v. What is the units digit of q?
3
Let b = -51 + 53. What is the units digit of 7 - 1*b/(-1)?
9
Let f(x) = -7*x**3 - 45*x**2 + 9*x - 17. What is the units digit of f(-8)?
5
Let l(u) = 9*u**2 - 28*u + 48. What is the thousands digit of l(13)?
1
Let g(c) be the third derivative of c**5/60 - c**4/8 + 22*c**3/3 + 2*c**2 - 78. Suppose 0*a - 4*a = 0. What is the tens digit of g(a)?
4
Let h = -6 + 49. Let r = -28 + h. What is the tens digit of 339/r + 2/5?
2
Suppose a - 3*z - 361 = 0, 2*a - z = 424 + 273. What is the tens digit of a?
4
Suppose -13*p = -18*p - 3*a + 12209, 2*p + 4*a - 4892 = 0. What is the thousands digit of p?
2
Let g(z) = 66*z**2 - z - 3. Let o be g(2). Let a = 464 - o. What is the tens digit of a?
0
Suppose -468 = 19*l - 1323. What is the units digit of l?
5
Let d(i) = i**3 + 4*i**2 - 12*i + 4. Let o be d(-6). Suppose o*f = f + 474. Suppose 177 = 5*s - f. What is the units digit of s?
7
Suppose 5*c + 765 - 3540 = -5*s, 3*c - s = 1669. What is the hundreds digit of c?
5
Suppose -7*z - 3*o - 12 = -2*z, 0 = -2*z + o - 7. Let w = 77 - z. What is the units digit of w?
0
Let w(x) = -x**3 + 26*x**2 + 38*x - 5. What is the hundreds digit of w(27)?
2
Let c(x) = -10*x - 6. Let w be c(-2). Let z = w + 16. What is the tens digit of z?
3
Let j(w) = -30 - 2*w + w + 2*w + 2*w. Let o(v) = v - 10. Let d(n) = -4*j(n) + 11*o(n). What is the tens digit of d(-11)?
2
What is the hundreds digit of (-2957)/(-6) - 4/(-24)?
4
Let o be 85/4 + (-2)/8. Let t(n) = -2*n**2 + 18*n - 8. Let d be t(5). Let h = d - o. What is the tens digit of h?
1
Let r be 10/3 - 8/6. Suppose -r*j - 183 = -715. What is the hundreds digit of j?
2
Suppose 44*l - 710 = 34*l. What is the tens digit of l?
7
Suppose 5*v - g - 5446 = 0, -5*v + 15*g - 19*g = -5466. What is the units digit of v?
0
Let i = 28 + -50. Let r = -20 - i. Suppose 6 = r*z - 18. What is the units digit of z?
2
Suppose -1 + 7 = 2*h. Suppose -4*q = 4*c - 432, 59 = c + h*q - 47. Let j = c + -63. What is the units digit of j?
6
Let t(y) = -2*y - 10. Let i be t(-5). Let u(f) = f - 3. Let a be u(8). Suppose a*s - 5*n + 8 = 48, i = -3*s - n + 4. What is the units digit of s?
3
What is the hundreds digit of 3/(-1) - (-3130 - (5 - -1))?
1
Suppose -3*s = -2*x, 7*s - 6*s = -x - 5. Let v = s + 15. Suppose -o + 0*o = -v. What is the tens digit of o?
1
Let b(f) = -131*f - 106. What is the hundreds digit of b(-7)?
8
Let l = 29 - 25. Suppose d - l = 0, -2*u + 312 = 2*u - 3*d. What is the tens digit of u?
8
Suppose 3*j + 6*w - w = 514, -4*w - 869 = -5*j. Suppose -309 - j = -3*n + 4*m, -814 = -5*n + 4*m. What is the units digit of n?
6
Let q be (0 + 1)*(-10 - -7). What is the units digit of (-42 - 2)/(q + 2)?
4
Let h(a) = 37*a**2 - 10*a + 17. What is the units digit of h(-4)?
9
Suppose -g - 4*g + 2 = -s, g - 16 = -5*s. Let j be 1/g*-1*-2. Suppose -i + 6*i - h - 192 = 0, 3*i = j*h + 118. What is the tens digit of i?
3
Let k(u) be the third derivative of u**4 - u**3 + 3*u**2. What is the tens digit of k(7)?
6
Let a be (-1626)/27 + (20/45)/2. Let v = -40 - 59. Let l = a - v. What is the units digit of l?
9
Suppose -49 - 11 = 3*a. Let y be (-7 - 17)*a/6. Suppose -5*w - y = -4*x, 0*x = -x - 3*w + 3. What is the units digit of x?
5
Suppose 1 = s - 5. Suppose 2*z = 5*l - 298, -2*l - s*z + 125 = -z. What is the tens digit of l?
6
Suppose -3*r + 0 = -9. Let y(c) = 6*c. Let o be y(r). Let a = o - 2. What is the tens digit of a?
1
Let i = -243 - -263. What is the units digit of i?
0
Let o = -5823 + 9089. What is the tens digit of o?
6
Let h be (-87)/(-5) - (-12)/(-30). Let d(x) = x**2 - 16*x + 14. What is the tens digit of d(h)?
3
Suppose 2*n - 120 = 12*n. What is the hundreds digit of 4 + -2 - n*(-180)/(-8)?
2
Let f = -61 - -192. What is the units digit of f?
1
Suppose k + 0 + 10 = 3*m, -k + 2 = 3*m. Suppose -3*y - 5*v + 290 = 0, -5*y - v + 274 = -m*y. What is the tens digit of y?
9
Let w = -15 - 31. What is the units digit of (w/(-4))/((-2)/(-4))?
3
Let k be -2 + (-3 - -8) + -1. Suppose -k*x + 8 = 0, -4*i + x + x - 24 = 0. What is the units digit of ((-154)/33)/(i/6)?
7
Let z = 21 + -41. Let j be ((-4)/5)/((-4)/z). Let t(o) = -6*o - 2. What is the tens digit of t(j)?
2
Let l be 6/4 - (-110)/20. Suppose -3*a + 1740 = l*a. What is the hundreds digit of a?
1
Suppose 20 = 3*r + 4*n, r = -3*n - n - 4. What is the units digit of 111*(r/9 - 1)?
7
Let b(r) = -21*r**3 - 2*r**2 - 2*r - 1. Let f(t) = -t - 9. Let i be f(-8). What is the units digit of b(i)?
0
Let j(q) = 31*q + 27. Suppose 5*h = 5*c + 50, 5*h + 2*c = -0*c + 15. What is the hundreds digit of j(h)?
1
Suppose 1100 = 3*s + g + 3*g, -760 = -2*s + 4*g. What is the tens digit of s?
7
Let u = -12 - -7. Let v = u - 5. Let f = 18 + v. What is the units digit of f?
8
Let h be ((-40)/6)/(10/(-15)). Let c(v) = h*v + 2 + 2*v**2 - 1 + 3. What is the tens digit of c(-7)?
3
Suppose -428*v + 427*v + 470 = 0. What is the hundreds digit of v?
4
Suppose -4*o = 3*u, 2*o = 4*u - 12 + 34. Suppose -5*r - 14 = -2*k - r, -5*k + 9 = 3*r. Suppose o*a - l = 65, k*a - 91 = -4*l - 6. What is the units digit of a?
3
Suppose -3404 = -3*s + w, 1030 = s + 2*w - 114. What is the units digit of s?
6
Let n = -20 - -22. Suppose -2*d - 151 = -7*d - n*t, -d + t + 33 = 0. Let j = -10 + d. What is the tens digit of j?
2
Let q(r) be the second derivative of -3/2*r**2 + 0 - 2*r**3 - 3/4*r**4 - 1/20*r**5 - 8*r. What is the tens digit of q(-8)?
2
Suppose -75615 = -34*l + 53177. What is the tens digit of l?
8
Let q be 1*(-1)/2*-8. Let f be 1 - 4 - -80 - 91/(-13). Suppose -q*l = -4*z + f, -l = -1 - 4. What is the units digit of z?
6
Suppose -5*f - 433 = q + 34, -2*f = -4*q - 1758. What is the tens digit of 7/((-14)/q) - -5?
2
Suppose 0 = 2*w - 6*w + 4. Let b(x) = 53 + 7*x**3 - 54 - 2*x + 3*x. What is the units digit of b(w)?
7
Suppose -i - 5*f - 43 + 313 = 0, -3*i + 738 = -3*f. What is the units digit of i?
0
Let r(v) = v**2 + 4*v - 12. Suppose 4*o + 49 = -5*g, -4*g = o - 2*o + 14. Let k be r(o). What is the units digit of (-1 - k - 0) + 21?
0
Suppose 0 = -4*a + 8*a - 140. Suppose -f = -2*f + a. What is the tens digit of f?
3
Suppose 45*a + 26*a = 261706. What is the hundreds digit of a?
6
Suppose 18765 + 3660 = 39*h. What is the tens digit of h?
7
Let h = 6 - 4. Let b(o) = o + 18*o**h - 9*o**2 + 3 - 5. What is the tens digit of b(2)?
3
Let x(d) be the first derivative of -d**4/4 + 8*d**3/3 - 3*d**2 - 9*d + 3. Let y be x(7). What is the units digit of (-336)/(-18)*(-3)/y?
8
Let a be (3/(-2))/(9/12). What is the units digit of a/(4/(-86) - 0)?
3
Suppose 5*w = -2 + 7. Let r(s) = s**3 + 0 + 16*s**2 - w - 3*s**2 - 19 - 18*s. What is the tens digit of r(-14)?
3
Let b = -865 + 2542. What is the tens digit of b?
7
Suppose -26*p + 2513 = 43. What is the tens digit of p?
9
Suppose 11*v - 15*v = -x + 216, 2*v + 408 = 2*x. What is the hundreds digit of x?
2
Let a(v) = -v + 1. Let p be a(-6). Let n(i) = 5 + 5 - 4 - 3 + 4*i. What is the units digit of n(p)?
1
Let w = -255 - -346. What is the units digit of w?
1
Suppose 13*q = 16*q - 705. Suppose 4*b - 2*b - 5*d = q, 0 = 5*b + 4*d - 670. What is the units digit of b?
0
Let u be (-4)/8 + (-1)/2. Let m = u + 5. Suppose -q = 2, m*t + 2*q = q + 86. What is the units digit of t?
2
Let v be (-2 + -3 + 0)*3. Let b = -6 - v. What is the units digit of b?
9
Let h be 3 + (2 + -2 - 4). What is the units digit of (322/115)/(91/90 + h)?
2
Let i(c) = -13*c**3 - 4*c**2 + 7*c + 12. Let r be i(-4). Suppose 0*o = 4*l + 2*o - r, 4*o = 5*l - 914. What is the hundreds digit of l?
1
Let o(u) = 2*u - 6. Let l be o(3). Suppose l = 13*y - 474 - 1658. What is the hundreds digit of y?
1
What is the tens digit of (-8)/(-36) - (19022/(-18) + -5)?
6
Let f = -9 - 14. Let c = -29 - f. Let j(r) = -r**2 - 11*r + 3. What is the tens digit of j(c)?
3
Let d = -49 - -184. Let c = -84 + d. What is the units digit of c?
1
Let b be 15/5*(1 + (-2)/(-3)). Let w(l) = -l**3 + 7*l**2 - 7*l + 11. What is the units digit of w(b)?
6
Let g(o) = -2*o**3 - o**2 + 2*o + 347. What is the tens digit of g(0)?
4
Let k = -1 - 2. Suppose 0 = -4*j + 3*v - 1 - 4, 4*v + 4 = 0. What is the tens digit of j + (12/k - -70)?
6
Let x(d) = -d**3 - 13*d**2 - 13*d - 13. Let k(z) = -z**3 - 10*z**2 + 13*z + 10. Let